{"id":176,"date":"2010-06-15T11:09:45","date_gmt":"2010-06-15T09:09:45","guid":{"rendered":"http:\/\/cluq-grenoble.org\/WordPress\/?page_id=176"},"modified":"2010-06-15T11:20:00","modified_gmt":"2010-06-15T09:20:00","slug":"usagers-du-centre-2007","status":"publish","type":"page","link":"https:\/\/cluq-grenoble.org\/WordPress\/groupes-de-travail-cluq\/donnees-libres-acces\/gt-grenoble-demain\/usagers-du-centre-2007\/","title":{"rendered":"Usagers du centre : 2007"},"content":{"rendered":"<h4>Usagers du centre : 2007 &#8211; (dossiers \u00e0 t\u00e9l\u00e9charger en format PDF)<\/h4>\n<ol>\n<li><a href=\"http:\/\/cluq-grenoble.org\/WordPress\/wp-content\/uploads\/2010\/06\/20070103-cr-GT-extension-centre-ville.pdf\">Compte-rendu GT extension centre ville &#8211; 03 Janvier 2007<\/a><\/li>\n<li><a href=\"http:\/\/cluq-grenoble.org\/WordPress\/wp-content\/uploads\/2010\/06\/20070129-cr-GT-extension-centre-ville.pdf\">Compte-rendu GT extension centre ville &#8211; 29 janvier 2007<\/a><\/li>\n<li><a href=\"http:\/\/cluq-grenoble.org\/WordPress\/wp-content\/uploads\/2010\/06\/20070221-cr-GT-extension-centre-ville.pdf\">Compte-rendu GT extension centre ville &#8211; 21 f\u00e9vrier 2007<\/a><\/li>\n<li><a href=\"http:\/\/cluq-grenoble.org\/WordPress\/wp-content\/uploads\/2010\/06\/20070328-cr-GT-extension-centre-ville.pdf\">Compte-rendu GT extension centre ville &#8211; 28 mars 2007<\/a><\/li>\n<li><a href=\"http:\/\/cluq-grenoble.org\/WordPress\/wp-content\/uploads\/2010\/06\/20070425-cr-GT-extension-centre-ville.pdf\">Compte-rendu GT extension centre ville &#8211; 25 avril 2007<\/a><\/li>\n<li><a href=\"http:\/\/cluq-grenoble.org\/WordPress\/wp-content\/uploads\/2010\/06\/GT-Centre-Vile.-tableau-05.07.pdf\">GT Centre Vile. tableau 05.07<\/a><\/li>\n<\/ol>\n","protected":false},"excerpt":{"rendered":"<p>Usagers du centre : 2007 &#8211; (dossiers \u00e0 t\u00e9l\u00e9charger en<span class=\"more-link\"><a href=\"https:\/\/cluq-grenoble.org\/WordPress\/groupes-de-travail-cluq\/donnees-libres-acces\/gt-grenoble-demain\/usagers-du-centre-2007\/\">Lire la suite<\/a><\/span><\/p>\n","protected":false},"author":1,"featured_media":0,"parent":30,"menu_order":2,"comment_status":"closed","ping_status":"open","template":"","meta":[],"_links":{"self":[{"href":"https:\/\/cluq-grenoble.org\/WordPress\/wp-json\/wp\/v2\/pages\/176"}],"collection":[{"href":"https:\/\/cluq-grenoble.org\/WordPress\/wp-json\/wp\/v2\/pages"}],"about":[{"href":"https:\/\/cluq-grenoble.org\/WordPress\/wp-json\/wp\/v2\/types\/page"}],"author":[{"embeddable":true,"href":"https:\/\/cluq-grenoble.org\/WordPress\/wp-json\/wp\/v2\/users\/1"}],"replies":[{"embeddable":true,"href":"https:\/\/cluq-grenoble.org\/WordPress\/wp-json\/wp\/v2\/comments?post=176"}],"version-history":[{"count":5,"href":"https:\/\/cluq-grenoble.org\/WordPress\/wp-json\/wp\/v2\/pages\/176\/revisions"}],"predecessor-version":[{"id":181,"href":"https:\/\/cluq-grenoble.org\/WordPress\/wp-json\/wp\/v2\/pages\/176\/revisions\/181"}],"up":[{"embeddable":true,"href":"https:\/\/cluq-grenoble.org\/WordPress\/wp-json\/wp\/v2\/pages\/30"}],"wp:attachment":[{"href":"https:\/\/cluq-grenoble.org\/WordPress\/wp-json\/wp\/v2\/media?parent=176"}],"curies":[{"name":"wp","href":"https:\/\/api.w.org\/{rel}","templated":true}]}}