{"id":28,"date":"2010-05-12T15:28:10","date_gmt":"2010-05-12T13:28:10","guid":{"rendered":"http:\/\/cluq-grenoble.org\/WordPress\/?page_id=28"},"modified":"2021-03-18T15:33:01","modified_gmt":"2021-03-18T14:33:01","slug":"groupes-de-travail-cluq","status":"publish","type":"page","link":"https:\/\/cluq-grenoble.org\/WordPress\/groupes-de-travail-cluq\/","title":{"rendered":"CA &#038; Commissions CLUQ"},"content":{"rendered":"<p><span style=\"color: #000000;\">Il existe actuellement plusieurs commissions au <strong>CLUQ, visitez les onglets d\u00e9di\u00e9s, l&#8217;agenda de toutes les r\u00e9unions est disponible \u00e0 ce lien<\/strong>\u00a0:<\/span><\/p>\n<ul>\n<li><a href=\"http:\/\/cluq-grenoble.org\/WordPress\/?p=49\">Agenda des r\u00e9unions du bureau, du CA et des commissions<\/a><\/li>\n<\/ul>\n","protected":false},"excerpt":{"rendered":"<p>Il existe actuellement plusieurs commissions au CLUQ, visitez les onglets<span class=\"more-link\"><a href=\"https:\/\/cluq-grenoble.org\/WordPress\/groupes-de-travail-cluq\/\">Lire la suite<\/a><\/span><\/p>\n","protected":false},"author":1,"featured_media":0,"parent":0,"menu_order":2,"comment_status":"closed","ping_status":"open","template":"","meta":[],"_links":{"self":[{"href":"https:\/\/cluq-grenoble.org\/WordPress\/wp-json\/wp\/v2\/pages\/28"}],"collection":[{"href":"https:\/\/cluq-grenoble.org\/WordPress\/wp-json\/wp\/v2\/pages"}],"about":[{"href":"https:\/\/cluq-grenoble.org\/WordPress\/wp-json\/wp\/v2\/types\/page"}],"author":[{"embeddable":true,"href":"https:\/\/cluq-grenoble.org\/WordPress\/wp-json\/wp\/v2\/users\/1"}],"replies":[{"embeddable":true,"href":"https:\/\/cluq-grenoble.org\/WordPress\/wp-json\/wp\/v2\/comments?post=28"}],"version-history":[{"count":37,"href":"https:\/\/cluq-grenoble.org\/WordPress\/wp-json\/wp\/v2\/pages\/28\/revisions"}],"predecessor-version":[{"id":6282,"href":"https:\/\/cluq-grenoble.org\/WordPress\/wp-json\/wp\/v2\/pages\/28\/revisions\/6282"}],"wp:attachment":[{"href":"https:\/\/cluq-grenoble.org\/WordPress\/wp-json\/wp\/v2\/media?parent=28"}],"curies":[{"name":"wp","href":"https:\/\/api.w.org\/{rel}","templated":true}]}}