{"id":2912,"date":"2017-03-20T03:26:44","date_gmt":"2017-03-20T01:26:44","guid":{"rendered":"http:\/\/cluq-grenoble.org\/WordPress\/?page_id=2912"},"modified":"2017-04-28T02:20:31","modified_gmt":"2017-04-28T00:20:31","slug":"petite-poissone","status":"publish","type":"page","link":"https:\/\/cluq-grenoble.org\/WordPress\/groupes-de-travail-cluq\/com-animation\/irreverence-expo-dart-contemporain\/petite-poissone\/","title":{"rendered":"Petite Poissone"},"content":{"rendered":"<p style=\"text-align: left;\"><div id=\"metaslider-id-3039\" style=\"width: 100%;\" class=\"ml-slider-3-20-3 metaslider metaslider-flex metaslider-3039 ml-slider\">\n    <div id=\"metaslider_container_3039\">\n        <div id=\"metaslider_3039\" class=\"flexslider\">\n            <ul aria-live=\"polite\" class=\"slides\">\n                <li style=\"display: block; width: 100%;\" class=\"slide-3041 ms-image\"><a href=\"http:\/\/cluq-grenoble.org\/WordPress\/wp-content\/uploads\/2017\/03\/MG_0399_nb.jpg\" target=\"_self\"><img src=\"https:\/\/cluq-grenoble.org\/WordPress\/wp-content\/uploads\/2017\/03\/MG_0399_nb-1200x800.jpg\" height=\"800\" width=\"1200\" alt=\"\" class=\"slider-3039 slide-3041\" \/><\/a><div class=\"caption-wrap\"><div class=\"caption\">Petite Poissone<\/div><\/div><\/li>\n                <li style=\"display: none; width: 100%;\" class=\"slide-3043 ms-image\"><a href=\"http:\/\/cluq-grenoble.org\/WordPress\/wp-content\/uploads\/2017\/03\/MG_6628.jpg\" target=\"_self\"><img src=\"https:\/\/cluq-grenoble.org\/WordPress\/wp-content\/uploads\/2017\/03\/MG_6628-1200x800.jpg\" height=\"800\" width=\"1200\" alt=\"\" class=\"slider-3039 slide-3043\" \/><\/a><div class=\"caption-wrap\"><div class=\"caption\">Petite Poissone<\/div><\/div><\/li>\n                <li style=\"display: none; width: 100%;\" class=\"slide-3044 ms-image\"><a href=\"http:\/\/cluq-grenoble.org\/WordPress\/wp-content\/uploads\/2017\/03\/MG_6637.jpg\" target=\"_self\"><img src=\"https:\/\/cluq-grenoble.org\/WordPress\/wp-content\/uploads\/2017\/03\/MG_6637-1200x800.jpg\" height=\"800\" width=\"1200\" alt=\"\" class=\"slider-3039 slide-3044\" \/><\/a><div class=\"caption-wrap\"><div class=\"caption\">Petite Poissone<\/div><\/div><\/li>\n                <li style=\"display: none; width: 100%;\" class=\"slide-3047 ms-image\"><a href=\"http:\/\/cluq-grenoble.org\/WordPress\/wp-content\/uploads\/2017\/03\/MG_6654.jpg\" target=\"_self\"><img src=\"https:\/\/cluq-grenoble.org\/WordPress\/wp-content\/uploads\/2017\/03\/MG_6654-1200x800.jpg\" height=\"800\" width=\"1200\" alt=\"\" class=\"slider-3039 slide-3047\" \/><\/a><div class=\"caption-wrap\"><div class=\"caption\">Petite Poissone<\/div><\/div><\/li>\n                <li style=\"display: none; width: 100%;\" class=\"slide-3048 ms-image\"><a href=\"http:\/\/cluq-grenoble.org\/WordPress\/wp-content\/uploads\/2017\/03\/MG_6669.jpg\" target=\"_self\"><img src=\"https:\/\/cluq-grenoble.org\/WordPress\/wp-content\/uploads\/2017\/03\/MG_6669-1200x800.jpg\" height=\"800\" width=\"1200\" alt=\"\" class=\"slider-3039 slide-3048\" \/><\/a><div class=\"caption-wrap\"><div class=\"caption\">Petite Poissone<\/div><\/div><\/li>\n                <li style=\"display: none; width: 100%;\" class=\"slide-3049 ms-image\"><a href=\"http:\/\/cluq-grenoble.org\/WordPress\/wp-content\/uploads\/2017\/03\/MG_6742.jpg\" target=\"_self\"><img src=\"https:\/\/cluq-grenoble.org\/WordPress\/wp-content\/uploads\/2017\/03\/MG_6742-1200x800.jpg\" height=\"800\" width=\"1200\" alt=\"\" class=\"slider-3039 slide-3049\" \/><\/a><div class=\"caption-wrap\"><div class=\"caption\">Petite Poissone<\/div><\/div><\/li>\n                <li style=\"display: none; width: 100%;\" class=\"slide-3052 ms-image\"><a href=\"http:\/\/cluq-grenoble.org\/WordPress\/wp-content\/uploads\/2017\/03\/001-8.jpg\" target=\"_self\"><img src=\"https:\/\/cluq-grenoble.org\/WordPress\/wp-content\/uploads\/2017\/03\/001-8-960x640.jpg\" height=\"800\" width=\"1200\" alt=\"\" class=\"slider-3039 slide-3052\" \/><\/a><div class=\"caption-wrap\"><div class=\"caption\">Petite Poissone<\/div><\/div><\/li>\n                <li style=\"display: none; width: 100%;\" class=\"slide-3053 ms-image\"><a href=\"http:\/\/cluq-grenoble.org\/WordPress\/wp-content\/uploads\/2017\/03\/001.jpg\" target=\"_self\"><img src=\"https:\/\/cluq-grenoble.org\/WordPress\/wp-content\/uploads\/2017\/03\/001-768x512.jpg\" height=\"800\" width=\"1200\" alt=\"\" class=\"slider-3039 slide-3053\" \/><\/a><div class=\"caption-wrap\"><div class=\"caption\">Petite Poissone<\/div><\/div><\/li>\n                <li style=\"display: none; width: 100%;\" class=\"slide-3054 ms-image\"><a href=\"http:\/\/cluq-grenoble.org\/WordPress\/wp-content\/uploads\/2017\/03\/003.jpg\" target=\"_self\"><img src=\"https:\/\/cluq-grenoble.org\/WordPress\/wp-content\/uploads\/2017\/03\/003-637x424.jpg\" height=\"800\" width=\"1200\" alt=\"\" class=\"slider-3039 slide-3054\" \/><\/a><div class=\"caption-wrap\"><div class=\"caption\">Petite Poissone<\/div><\/div><\/li>\n                <li style=\"display: none; width: 100%;\" class=\"slide-3056 ms-image\"><a href=\"http:\/\/cluq-grenoble.org\/WordPress\/wp-content\/uploads\/2017\/03\/009.jpg\" target=\"_self\"><img src=\"https:\/\/cluq-grenoble.org\/WordPress\/wp-content\/uploads\/2017\/03\/009-1200x800.jpg\" height=\"800\" width=\"1200\" alt=\"\" class=\"slider-3039 slide-3056\" \/><\/a><div class=\"caption-wrap\"><div class=\"caption\">Petite Poissone<\/div><\/div><\/li>\n                <li style=\"display: none; width: 100%;\" class=\"slide-3059 ms-image\"><a href=\"http:\/\/cluq-grenoble.org\/WordPress\/wp-content\/uploads\/2017\/03\/013.jpg\" target=\"_self\"><img src=\"https:\/\/cluq-grenoble.org\/WordPress\/wp-content\/uploads\/2017\/03\/013-1200x800.jpg\" height=\"800\" width=\"1200\" alt=\"\" class=\"slider-3039 slide-3059\" \/><\/a><div class=\"caption-wrap\"><div class=\"caption\">Petite Poissone<\/div><\/div><\/li>\n                <li style=\"display: none; width: 100%;\" class=\"slide-3060 ms-image\"><a href=\"http:\/\/cluq-grenoble.org\/WordPress\/wp-content\/uploads\/2017\/03\/971434_10209044726177912_1865318887715492648_n.jpg\" target=\"_self\"><img src=\"https:\/\/cluq-grenoble.org\/WordPress\/wp-content\/uploads\/2017\/03\/971434_10209044726177912_1865318887715492648_n-960x640.jpg\" height=\"800\" width=\"1200\" alt=\"\" class=\"slider-3039 slide-3060\" \/><\/a><div class=\"caption-wrap\"><div class=\"caption\">Petite Poissone<\/div><\/div><\/li>\n                <li style=\"display: none; width: 100%;\" class=\"slide-3061 ms-image\"><a href=\"http:\/\/cluq-grenoble.org\/WordPress\/wp-content\/uploads\/2017\/03\/15826170_10211787229098771_2377227212482412028_n.jpg\" target=\"_self\"><img src=\"https:\/\/cluq-grenoble.org\/WordPress\/wp-content\/uploads\/2017\/03\/15826170_10211787229098771_2377227212482412028_n-960x640.jpg\" height=\"800\" width=\"1200\" alt=\"\" class=\"slider-3039 slide-3061\" \/><\/a><div class=\"caption-wrap\"><div class=\"caption\">Petite Poissone<\/div><\/div><\/li>\n                <li style=\"display: none; width: 100%;\" class=\"slide-3062 ms-image\"><a href=\"http:\/\/cluq-grenoble.org\/WordPress\/wp-content\/uploads\/2017\/03\/IMG_73531.jpg\" target=\"_self\"><img src=\"https:\/\/cluq-grenoble.org\/WordPress\/wp-content\/uploads\/2017\/03\/IMG_73531-1200x800.jpg\" height=\"800\" width=\"1200\" alt=\"\" class=\"slider-3039 slide-3062\" \/><\/a><div class=\"caption-wrap\"><div class=\"caption\">Petite Poissone<\/div><\/div><\/li>\n                <li style=\"display: none; width: 100%;\" class=\"slide-3065 ms-image\"><a href=\"http:\/\/cluq-grenoble.org\/WordPress\/wp-content\/uploads\/2017\/03\/IMG_8393.jpg\" target=\"_self\"><img src=\"https:\/\/cluq-grenoble.org\/WordPress\/wp-content\/uploads\/2017\/03\/IMG_8393-1200x800.jpg\" height=\"800\" width=\"1200\" alt=\"\" class=\"slider-3039 slide-3065\" \/><\/a><div class=\"caption-wrap\"><div class=\"caption\">Petite Poissone<\/div><\/div><\/li>\n                <li style=\"display: none; width: 100%;\" class=\"slide-3067 ms-image\"><a href=\"http:\/\/cluq-grenoble.org\/WordPress\/wp-content\/uploads\/2017\/03\/IMG_8579.jpg\" target=\"_self\"><img src=\"https:\/\/cluq-grenoble.org\/WordPress\/wp-content\/uploads\/2017\/03\/IMG_8579-1200x800.jpg\" height=\"800\" width=\"1200\" alt=\"\" class=\"slider-3039 slide-3067\" \/><\/a><div class=\"caption-wrap\"><div class=\"caption\">Petite Poissone<\/div><\/div><\/li>\n                <li style=\"display: none; width: 100%;\" class=\"slide-3073 ms-image\"><a href=\"http:\/\/cluq-grenoble.org\/WordPress\/wp-content\/uploads\/2017\/03\/IMG_8722.jpg\" target=\"_self\"><img src=\"https:\/\/cluq-grenoble.org\/WordPress\/wp-content\/uploads\/2017\/03\/IMG_8722-1200x800.jpg\" height=\"800\" width=\"1200\" alt=\"\" class=\"slider-3039 slide-3073\" \/><\/a><div class=\"caption-wrap\"><div class=\"caption\">Petite Poissone<\/div><\/div><\/li>\n                <li style=\"display: none; width: 100%;\" class=\"slide-3075 ms-image\"><a href=\"http:\/\/cluq-grenoble.org\/WordPress\/wp-content\/uploads\/2017\/03\/Jaimerais-tant-que-tu-te-souviennes-Pierre-Fadous-Paris-04.2014.jpg\" target=\"_self\"><img src=\"https:\/\/cluq-grenoble.org\/WordPress\/wp-content\/uploads\/2017\/03\/Jaimerais-tant-que-tu-te-souviennes-Pierre-Fadous-Paris-04.2014-1200x800.jpg\" height=\"800\" width=\"1200\" alt=\"\" class=\"slider-3039 slide-3075\" \/><\/a><div class=\"caption-wrap\"><div class=\"caption\">Petite Poissone<\/div><\/div><\/li>\n            <\/ul>\n        <\/div>\n        \n    <\/div>\n<\/div><\/p>\n<p id=\"yui_3_16_0_ym19_1_1493316984352_604239\">Petite Poissone est une artiste un brin d\u00e9cal\u00e9e voire compl\u00e8tement folle qui fait des livres avec des dessins, des collages avec des textes, des peintures avec des taureaux, des animations avec des musiciens, mais aussi des collages avec des taureaux, des livres avec des textes, des animations pour rien et d\u2019autres trucs trop longs \u00e0 expliquer.<\/p>\n<p id=\"yui_3_16_0_ym19_1_1493316984352_604231\">\u00abJe dessine sans id\u00e9e pr\u00e9cise, mais souvent avec des id\u00e9es sombres, parce que je dessine quand je m\u2019ennuie. Puis tout de suite me vient une petite phrase bien nulle pour d\u00e9samorcer la d\u00e9prime et passer pour une fille super dr\u00f4le alors qu\u2019en fait pas du tout.\u00bb <br clear=\"none\" \/><br clear=\"none\" \/>Compl\u00e8tement folle donc c\u2019est bien \u00e7a.<\/p>\n<p><a href=\"http:\/\/petitepoissone.com\/\">http:\/\/petitepoissone.com\/<\/a><a href=\"http:\/\/petitepoissone.com\/\"><img loading=\"lazy\" class=\"alignleft size-full wp-image-3097\" src=\"http:\/\/cluq-grenoble.org\/WordPress\/wp-content\/uploads\/2017\/03\/entete06.png\" alt=\"entete06\" width=\"130\" height=\"204\" \/><\/a><a href=\"https:\/\/www.facebook.com\/petitepoissone\"><br \/>\nhttps:\/\/www.facebook.com\/petitepoissone<br \/>\n<span style=\"color: #000000;\">instagram :<\/span> petitepoissone<br \/>\n<\/a><\/p>\n<p><a href=\"http:\/\/france3-regions.francetvinfo.fr\/auvergne-rhone-alpes\/petite-poissone-impertinence-malice-du-street-art-grenoble-349143.html\">http:\/\/france3-regions.francetvinfo.fr\/auvergne-rhone-alpes\/petite-poissone-impertinence-malice-du-street-art-grenoble-349143.html<\/a><\/p>\n<p><a href=\"http:\/\/www.streetartfest.org\/?Petite-Poissone\">http:\/\/www.streetartfest.org\/?Petite-Poissone<\/a><\/p>\n<p>&nbsp;<\/p>\n<p id=\"yui_3_16_0_ym19_1_1493316984352_604239\">\n<p>&nbsp;<\/p>\n<p><a href=\"http:\/\/cluq-grenoble.org\/WordPress\/?p=2894\">retour \u00e0 la page pr\u00e9c\u00e9dente<\/a><\/p>\n","protected":false},"excerpt":{"rendered":"<p>Petite Poissone est une artiste un brin d\u00e9cal\u00e9e voire compl\u00e8tement<span class=\"more-link\"><a href=\"https:\/\/cluq-grenoble.org\/WordPress\/groupes-de-travail-cluq\/com-animation\/irreverence-expo-dart-contemporain\/petite-poissone\/\">Lire la suite<\/a><\/span><\/p>\n","protected":false},"author":1,"featured_media":0,"parent":2894,"menu_order":0,"comment_status":"closed","ping_status":"open","template":"","meta":[],"_links":{"self":[{"href":"https:\/\/cluq-grenoble.org\/WordPress\/wp-json\/wp\/v2\/pages\/2912"}],"collection":[{"href":"https:\/\/cluq-grenoble.org\/WordPress\/wp-json\/wp\/v2\/pages"}],"about":[{"href":"https:\/\/cluq-grenoble.org\/WordPress\/wp-json\/wp\/v2\/types\/page"}],"author":[{"embeddable":true,"href":"https:\/\/cluq-grenoble.org\/WordPress\/wp-json\/wp\/v2\/users\/1"}],"replies":[{"embeddable":true,"href":"https:\/\/cluq-grenoble.org\/WordPress\/wp-json\/wp\/v2\/comments?post=2912"}],"version-history":[{"count":14,"href":"https:\/\/cluq-grenoble.org\/WordPress\/wp-json\/wp\/v2\/pages\/2912\/revisions"}],"predecessor-version":[{"id":3373,"href":"https:\/\/cluq-grenoble.org\/WordPress\/wp-json\/wp\/v2\/pages\/2912\/revisions\/3373"}],"up":[{"embeddable":true,"href":"https:\/\/cluq-grenoble.org\/WordPress\/wp-json\/wp\/v2\/pages\/2894"}],"wp:attachment":[{"href":"https:\/\/cluq-grenoble.org\/WordPress\/wp-json\/wp\/v2\/media?parent=2912"}],"curies":[{"name":"wp","href":"https:\/\/api.w.org\/{rel}","templated":true}]}}