{"id":2918,"date":"2017-03-20T03:29:39","date_gmt":"2017-03-20T01:29:39","guid":{"rendered":"http:\/\/cluq-grenoble.org\/WordPress\/?page_id=2918"},"modified":"2017-03-24T02:45:01","modified_gmt":"2017-03-24T00:45:01","slug":"hamid-debarrah","status":"publish","type":"page","link":"https:\/\/cluq-grenoble.org\/WordPress\/groupes-de-travail-cluq\/com-animation\/irreverence-expo-dart-contemporain\/hamid-debarrah\/","title":{"rendered":"Hamid Debarrah"},"content":{"rendered":"<div id=\"metaslider-id-3072\" style=\"width: 100%;\" class=\"ml-slider-3-20-3 metaslider metaslider-flex metaslider-3072 ml-slider\">\n    <div id=\"metaslider_container_3072\">\n        <div id=\"metaslider_3072\" class=\"flexslider\">\n            <ul aria-live=\"polite\" class=\"slides\">\n                <li style=\"display: block; width: 100%;\" class=\"slide-2900 ms-image\"><a href=\"http:\/\/cluq-grenoble.org\/WordPress\/wp-content\/uploads\/2017\/03\/hamid-debarrah-2.jpg\" target=\"_self\"><img src=\"https:\/\/cluq-grenoble.org\/WordPress\/wp-content\/uploads\/2017\/03\/hamid-debarrah-2-384x640.jpg\" height=\"1000\" width=\"600\" alt=\"\" class=\"slider-3072 slide-2900\" \/><\/a><div class=\"caption-wrap\"><div class=\"caption\">Hamid Debarrah<\/div><\/div><\/li>\n                <li style=\"display: none; width: 100%;\" class=\"slide-3076 ms-image\"><a href=\"http:\/\/cluq-grenoble.org\/WordPress\/wp-content\/uploads\/2017\/03\/hamid-debarrah.jpg\" target=\"_self\"><img src=\"https:\/\/cluq-grenoble.org\/WordPress\/wp-content\/uploads\/2017\/03\/hamid-debarrah-384x640.jpg\" height=\"1000\" width=\"600\" alt=\"\" class=\"slider-3072 slide-3076\" \/><\/a><div class=\"caption-wrap\"><div class=\"caption\">Hamid Debarrah<\/div><\/div><\/li>\n            <\/ul>\n        <\/div>\n        \n    <\/div>\n<\/div>\n<p><strong>Hamid Debarrah<\/strong> a 20 ans \u00e0 peine quand il arrive \u00e0 Grenoble. Il est n\u00e9 \u00e0 El Asnam, en Alg\u00e9rie, en 1954.<br \/>\nTr\u00e8s vite, il sait qu\u2019il sera photographe. Autodidacte, avec une exigence qui ne s\u2019est jamais d\u00e9mentie, il traque dans le quotidien de la ville les signes qui lui permettent de nous transmettre sa vision. En argentique, noir et blanc ou couleur, sa reconstruction du monde est lumineuse et d\u00e9pouill\u00e9e.<br \/>\nProfessionnel depuis 1988, il expose r\u00e9guli\u00e8rement. Ses photographies sont publi\u00e9es dans de nombreux journaux, livres et magazines. Elles sont aussi pr\u00e9sentes dans des collections publiques (arthoth\u00e8que de Grenoble, centre de la photographie de Gen\u00e8ve, etc.) et priv\u00e9es. &#8220;Faci\u00e8s inventaire&#8221;, une chronique du foyer de la rue Tr\u00e8s-Clo\u00eetres \u00e0 Grenoble, a \u00e9t\u00e9 acquise par la Cit\u00e9 de l\u2019Immigration dans le cadre de sa collection permanente.<br \/>\nHamid Debarrah collabore aussi r\u00e9guli\u00e8rement avec des \u00e9crivains, et en particulier avec Jean-Pierre Chambon:<br \/>\n\u2022 Carnets du jardin de la Madeleine, Jean-Pierre Chambon, r\u00e9cit, 8 photos de Hamid Debarrah<br \/>\n\u2022 \u00ab\u00c9crire et peindre au-dessus de la nuit des mots\u00bb, \u00e9ditions Voix d\u2019Encre.<\/p>\n<ul>\n<li><a href=\"http:\/\/cluq-grenoble.org\/WordPress\/wp-content\/uploads\/2017\/03\/catalogue-photographique.pdf\">catalogue photographique<\/a>\u00a0(.pdf)<\/li>\n<li><a href=\"http:\/\/cluq-grenoble.org\/WordPress\/wp-content\/uploads\/2017\/03\/DossierPresseDebarrah.pdf\">DossierPresseDebarrah<\/a>\u00a0(.pdf)<\/li>\n<\/ul>\n<blockquote><p><span style=\"color: #0000ff;\"><span style=\"color: #000000;\">\u00ab\u00a0<\/span>Comment faire en sorte qu\u2019une surface pleine ne soit pas d\u00e9sesp\u00e9r\u00e9ment plate\u00a0? La photographie est une image \u00e9tale, diaphane, immat\u00e9rielle pour ainsi dire, charg\u00e9e paradoxalement de rendre compte du relief de la vie.<\/span><\/p>\n<p><span style=\"color: #0000ff;\">Le photographe contourne cette difficult\u00e9, par diff\u00e9rents artifices bien connus\u00a0: \u00e9tagement de plans plus ou moins nets ou flous, afin de sugg\u00e9rer la profondeur de champ\u00a0; adjonction d\u2019un objet en premier plan, pour donner l\u2019illusion d\u2019un \u00ab\u00a0creusement\u00a0\u00bb de l\u2019espace\u00a0; etc\u2026<\/span><\/p>\n<p><span style=\"color: #0000ff;\">Hamid Debarrah prend le parti contraire\u00a0: il a choisi de ne photographier que des objets d\u00e9pourvus de la troisi\u00e8me dimension\u2026 et de consid\u00e9rer ce qu\u2019il advient.<\/span><\/p>\n<p><span style=\"color: #0000ff;\">Dans cette suite d\u2019images, l\u2019artiste a pr\u00e9lev\u00e9 sur la voie publique des rebuts de notre soci\u00e9t\u00e9 de consommation \u2013 emballages souill\u00e9s ou r\u00e9cipients compact\u00e9s- qu\u2019il a photographi\u00e9s en studio sur un fond uniform\u00e9ment noir. Du coup, Hamid Debarrah nous propose une d\u00e9monstration par l\u2019absurde. Photographi\u00e9es avec amour ces ordures promises \u00e0 la poubelle, se trouvent soudain investies d\u2019une incontestable pr\u00e9sence graphique\u00a0; et les souillures rel\u00e8vent brusquement de l\u2019\u0153uvre picturale \u2013 peinture abstraite, forc\u00e9ment. Pourtant r\u00e9duit a presque rien, le relief devient flagrant et la photographie se tient alors au plus pr\u00e8s de la mati\u00e8re tangible. Mais le mot \u00ab\u00a0reliefs\u00a0\u00bb n\u2019est-il pas en cuisine, le nom par lequel on d\u00e9signe les d\u00e9chets\u00a0? Hamid Debarrah a r\u00e9ussi son exercice de haute voltige\u00a0: donner \u00e0 voir l\u2019aplatissement, mais sans la moindre once de platitude. <span style=\"color: #000000;\">\u00a0\u00bb<\/span><br \/>\n<\/span>Jean-Louis Roux.<\/p><\/blockquote>\n<p><a href=\"http:\/\/cluq-grenoble.org\/WordPress\/?p=2894\">retour \u00e0 la page pr\u00e9c\u00e9dente<\/a><\/p>\n","protected":false},"excerpt":{"rendered":"<p>Hamid Debarrah a 20 ans \u00e0 peine quand il arrive<span class=\"more-link\"><a href=\"https:\/\/cluq-grenoble.org\/WordPress\/groupes-de-travail-cluq\/com-animation\/irreverence-expo-dart-contemporain\/hamid-debarrah\/\">Lire la suite<\/a><\/span><\/p>\n","protected":false},"author":1,"featured_media":0,"parent":2894,"menu_order":0,"comment_status":"closed","ping_status":"open","template":"","meta":[],"_links":{"self":[{"href":"https:\/\/cluq-grenoble.org\/WordPress\/wp-json\/wp\/v2\/pages\/2918"}],"collection":[{"href":"https:\/\/cluq-grenoble.org\/WordPress\/wp-json\/wp\/v2\/pages"}],"about":[{"href":"https:\/\/cluq-grenoble.org\/WordPress\/wp-json\/wp\/v2\/types\/page"}],"author":[{"embeddable":true,"href":"https:\/\/cluq-grenoble.org\/WordPress\/wp-json\/wp\/v2\/users\/1"}],"replies":[{"embeddable":true,"href":"https:\/\/cluq-grenoble.org\/WordPress\/wp-json\/wp\/v2\/comments?post=2918"}],"version-history":[{"count":6,"href":"https:\/\/cluq-grenoble.org\/WordPress\/wp-json\/wp\/v2\/pages\/2918\/revisions"}],"predecessor-version":[{"id":3084,"href":"https:\/\/cluq-grenoble.org\/WordPress\/wp-json\/wp\/v2\/pages\/2918\/revisions\/3084"}],"up":[{"embeddable":true,"href":"https:\/\/cluq-grenoble.org\/WordPress\/wp-json\/wp\/v2\/pages\/2894"}],"wp:attachment":[{"href":"https:\/\/cluq-grenoble.org\/WordPress\/wp-json\/wp\/v2\/media?parent=2918"}],"curies":[{"name":"wp","href":"https:\/\/api.w.org\/{rel}","templated":true}]}}