{"id":3017,"date":"2017-03-24T01:09:28","date_gmt":"2017-03-23T23:09:28","guid":{"rendered":"http:\/\/cluq-grenoble.org\/WordPress\/?page_id=3017"},"modified":"2017-03-24T10:51:07","modified_gmt":"2017-03-24T08:51:07","slug":"postuler-pour-exposer","status":"publish","type":"page","link":"https:\/\/cluq-grenoble.org\/WordPress\/groupes-de-travail-cluq\/com-animation\/irreverence-expo-dart-contemporain\/postuler-pour-exposer\/","title":{"rendered":"Postuler pour Exposer"},"content":{"rendered":"<p><a href=\"http:\/\/cluq-grenoble.org\/WordPress\/wp-content\/uploads\/2017\/03\/Bandeau-FB.jpg\"><img loading=\"lazy\" class=\"alignleft size-full wp-image-2895\" src=\"http:\/\/cluq-grenoble.org\/WordPress\/wp-content\/uploads\/2017\/03\/Bandeau-FB.jpg\" alt=\"Bandeau FB\" width=\"724\" height=\"192\" srcset=\"https:\/\/cluq-grenoble.org\/WordPress\/wp-content\/uploads\/2017\/03\/Bandeau-FB.jpg 724w, https:\/\/cluq-grenoble.org\/WordPress\/wp-content\/uploads\/2017\/03\/Bandeau-FB-300x79.jpg 300w, https:\/\/cluq-grenoble.org\/WordPress\/wp-content\/uploads\/2017\/03\/Bandeau-FB-500x132.jpg 500w\" sizes=\"(max-width: 724px) 100vw, 724px\" \/><\/a><\/p>\n<p><strong>Nous lan\u00e7ons un appel \u00e0 participation\u00a0ouvert \u00e0 tous les plasticiens et photographes qui le souhaitent !<\/strong><\/p>\n<p>Pour postuler, <strong>avant le 31 Ao\u00fbt 2017<\/strong>,\u00a0il s\u2019agit d\u2019envoyer quelques lignes pour se pr\u00e9senter et une \u00e0 trois photos, faisant r\u00e9f\u00e9rence au th\u00e8me Irr\u00e9v\u00e9rence.\u00a0indiquer \u00e9galement : nom, pr\u00e9nom, pseudo, adresse, mail.<\/p>\n<p style=\"padding-left: 30px;\"><em>&#8211;&gt;\u00a0<strong><a id=\"yui_3_16_0_ym19_1_1490304203727_37862\" href=\"mailto:contact.expo.irreverence@orange.fr\">contact.expo.irreverence@orange.fr<\/a><\/strong><\/em><\/p>\n<p>Pour des raisons de s\u00e9curit\u00e9 et de place, les photographies et peintures devront avoir un format minimum de 30x40cm et un format maximum de 1mx1m; les petites sculptures risquant d\u2019\u00eatre d\u00e9rob\u00e9es, devront \u00eatre scell\u00e9es sur un pi\u00e9destal.<\/p>\n<p><strong><span style=\"color: #0000ff;\">Un comit\u00e9 de pilotage, compos\u00e9 de diverses personnalit\u00e9s du monde de l\u2019art et des Unions de Quartier, aura pour t\u00e2che de s\u00e9lectionner les artistes et les \u0153uvres qui seront retenus. <\/span><\/strong><br \/>\nLes membres faisant partie de ce comit\u00e9 sont les suivants\u00a0: <strong>Laurence Huault-Nesme<\/strong> (directrice du Mus\u00e9e H\u00e9bert), <strong>Olivier Tomasini<\/strong> (responsable du Mus\u00e9e Stendhal), <strong>Jean Serroy<\/strong> (professeur, \u00e9crivain et journaliste), <strong>Sylvie Berthemy<\/strong> , (collectionneuse), <strong>Jean-Jacques Mazet<\/strong> (UDHEC), <strong>Marie-Christine Simiand<\/strong> (vice pr\u00e9sidente de LAHGGLO), et <strong>Gis\u00e8le Lipovetsky<\/strong> (vice pr\u00e9sidente du CLUQ)<\/p>\n<p>&nbsp;<\/p>\n<p><a href=\"http:\/\/cluq-grenoble.org\/WordPress\/?p=2894\">retour \u00e0 la page pr\u00e9c\u00e9dente<\/a><\/p>\n","protected":false},"excerpt":{"rendered":"<p>Nous lan\u00e7ons un appel \u00e0 participation\u00a0ouvert \u00e0 tous les plasticiens<span class=\"more-link\"><a href=\"https:\/\/cluq-grenoble.org\/WordPress\/groupes-de-travail-cluq\/com-animation\/irreverence-expo-dart-contemporain\/postuler-pour-exposer\/\">Lire la suite<\/a><\/span><\/p>\n","protected":false},"author":1,"featured_media":0,"parent":2894,"menu_order":0,"comment_status":"closed","ping_status":"open","template":"","meta":[],"_links":{"self":[{"href":"https:\/\/cluq-grenoble.org\/WordPress\/wp-json\/wp\/v2\/pages\/3017"}],"collection":[{"href":"https:\/\/cluq-grenoble.org\/WordPress\/wp-json\/wp\/v2\/pages"}],"about":[{"href":"https:\/\/cluq-grenoble.org\/WordPress\/wp-json\/wp\/v2\/types\/page"}],"author":[{"embeddable":true,"href":"https:\/\/cluq-grenoble.org\/WordPress\/wp-json\/wp\/v2\/users\/1"}],"replies":[{"embeddable":true,"href":"https:\/\/cluq-grenoble.org\/WordPress\/wp-json\/wp\/v2\/comments?post=3017"}],"version-history":[{"count":6,"href":"https:\/\/cluq-grenoble.org\/WordPress\/wp-json\/wp\/v2\/pages\/3017\/revisions"}],"predecessor-version":[{"id":3116,"href":"https:\/\/cluq-grenoble.org\/WordPress\/wp-json\/wp\/v2\/pages\/3017\/revisions\/3116"}],"up":[{"embeddable":true,"href":"https:\/\/cluq-grenoble.org\/WordPress\/wp-json\/wp\/v2\/pages\/2894"}],"wp:attachment":[{"href":"https:\/\/cluq-grenoble.org\/WordPress\/wp-json\/wp\/v2\/media?parent=3017"}],"curies":[{"name":"wp","href":"https:\/\/api.w.org\/{rel}","templated":true}]}}