{"id":3426,"date":"2017-06-22T09:03:14","date_gmt":"2017-06-22T07:03:14","guid":{"rendered":"http:\/\/cluq-grenoble.org\/WordPress\/?page_id=3426"},"modified":"2017-07-26T15:32:53","modified_gmt":"2017-07-26T13:32:53","slug":"ccspl","status":"publish","type":"page","link":"https:\/\/cluq-grenoble.org\/WordPress\/groupes-de-travail-cluq\/com-mutations-urbaines\/ccspl\/","title":{"rendered":"CCSPL"},"content":{"rendered":"<p style=\"text-align: center;\"><strong>CCSPL\u00a0et DSP\u00a0<\/strong><\/p>\n<p>&nbsp;<\/p>\n<p style=\"text-align: center;\"><strong>Qu\u2019est-ce que c\u2019est\u00a0? <\/strong><\/p>\n<p style=\"text-align: justify;\">Les Commissions Consultatives des Services Publics Locaux (CCSPL), cr\u00e9\u00e9es par une loi de 1992, relanc\u00e9es par la loi du 27 f\u00e9vrier 2002 relative \u00e0 la d\u00e9mocratie de proximit\u00e9 (loi Vaillant), ont pour vocation de permettre l\u2019expression des usagers de services publics par la voie d\u2019associations repr\u00e9sentatives.<\/p>\n<p style=\"text-align: justify;\">Elles sont obligatoires dans les communes de plus de 10.000 habitants, les Etablissements Publics de Coop\u00e9ration Intercommunale de plus de 50.000 habitants et les Syndicats Mixtes comprenant au moins une commune de plus de 10.000 habitants.<\/p>\n<p style=\"text-align: justify;\">Leur r\u00f4le, d\u00e9fini par l\u2019article L. 1413-1 du Code G\u00e9n\u00e9ral des Collectivit\u00e9s Territoriales (CGCT), consiste \u00e0 examiner les rapports annuels \u00e9tablis par les d\u00e9l\u00e9gataires de services publics et \u00e0 donner un avis sur tout projet de d\u00e9l\u00e9gation de service public (DSP).<\/p>\n<p style=\"text-align: justify;\">Une DSP est \u00ab un contrat par lequel une personne morale de droit public (par exemple une Commune) confie la gestion d\u2019un service public, dont elle a la responsabilit\u00e9, \u00e0 un d\u00e9l\u00e9gataire public ou priv\u00e9\u00a0\u00bb (loi Vaillant).<\/p>\n<p style=\"text-align: justify;\">Il y a une CCSPL Ville de Grenoble et une CCSPL Grenoble Alpes M\u00e9tropole. Actuellement, au fil des transferts de comp\u00e9tences, des DSP passent d\u2019une CCSPL \u00e0 l\u2019autre. Le CLUQ est pr\u00e9sent dans les deux CCSPL.<\/p>\n<p>\u00a0\u00a0\u00a0\u00a0\u00a0\u00a0\u00a0\u00a0\u00a0\u00a0\u00a0\u00a0\u00a0\u00a0\u00a0\u00a0\u00a0\u00a0\u00a0\u00a0\u00a0\u00a0\u00a0\u00a0\u00a0\u00a0\u00a0\u00a0\u00a0\u00a0\u00a0\u00a0\u00a0\u00a0\u00a0\u00a0\u00a0\u00a0\u00a0\u00a0\u00a0\u00a0\u00a0\u00a0\u00a0\u00a0\u00a0\u00a0\u00a0\u00a0\u00a0\u00a0\u00a0\u00a0\u00a0\u00a0\u00a0\u00a0\u00a0\u00a0\u00a0\u00a0\u00a0\u00a0\u00a0\u00a0\u00a0\u00a0\u00a0\u00a0\u00a0\u00a0\u00a0\u00a0\u00a0\u00a0\u00a0\u00a0\u00a0\u00a0\u00a0\u00a0\u00a0\u00a0\u00a0\u00a0\u00a0\u00a0\u00a0\u00a0\u00a0\u00a0\u00a0\u00a0\u00a0\u00a0\u00a0\u00a0\u00a0\u00a0\u00a0\u00a0\u00a0\u00a0\u00a0 J.P.C., 21.6.17 \u2013 24.7.17<\/p>\n","protected":false},"excerpt":{"rendered":"<p>CCSPL\u00a0et DSP\u00a0 &nbsp; Qu\u2019est-ce que c\u2019est\u00a0? Les Commissions Consultatives des<span class=\"more-link\"><a href=\"https:\/\/cluq-grenoble.org\/WordPress\/groupes-de-travail-cluq\/com-mutations-urbaines\/ccspl\/\">Lire la suite<\/a><\/span><\/p>\n","protected":false},"author":1,"featured_media":0,"parent":2625,"menu_order":0,"comment_status":"closed","ping_status":"open","template":"","meta":[],"_links":{"self":[{"href":"https:\/\/cluq-grenoble.org\/WordPress\/wp-json\/wp\/v2\/pages\/3426"}],"collection":[{"href":"https:\/\/cluq-grenoble.org\/WordPress\/wp-json\/wp\/v2\/pages"}],"about":[{"href":"https:\/\/cluq-grenoble.org\/WordPress\/wp-json\/wp\/v2\/types\/page"}],"author":[{"embeddable":true,"href":"https:\/\/cluq-grenoble.org\/WordPress\/wp-json\/wp\/v2\/users\/1"}],"replies":[{"embeddable":true,"href":"https:\/\/cluq-grenoble.org\/WordPress\/wp-json\/wp\/v2\/comments?post=3426"}],"version-history":[{"count":4,"href":"https:\/\/cluq-grenoble.org\/WordPress\/wp-json\/wp\/v2\/pages\/3426\/revisions"}],"predecessor-version":[{"id":3509,"href":"https:\/\/cluq-grenoble.org\/WordPress\/wp-json\/wp\/v2\/pages\/3426\/revisions\/3509"}],"up":[{"embeddable":true,"href":"https:\/\/cluq-grenoble.org\/WordPress\/wp-json\/wp\/v2\/pages\/2625"}],"wp:attachment":[{"href":"https:\/\/cluq-grenoble.org\/WordPress\/wp-json\/wp\/v2\/media?parent=3426"}],"curies":[{"name":"wp","href":"https:\/\/api.w.org\/{rel}","templated":true}]}}