{"id":3515,"date":"2017-07-26T16:06:59","date_gmt":"2017-07-26T14:06:59","guid":{"rendered":"http:\/\/cluq-grenoble.org\/WordPress\/?page_id=3515"},"modified":"2017-07-26T16:14:06","modified_gmt":"2017-07-26T14:14:06","slug":"gt-perimetre","status":"publish","type":"page","link":"https:\/\/cluq-grenoble.org\/WordPress\/groupes-de-travail-cluq\/com-mutations-urbaines\/gt-perimetre\/","title":{"rendered":"GT P\u00e9rim\u00e8tres"},"content":{"rendered":"<h4 style=\"text-align: center;\"><strong><span style=\"color: #000000;\">Groupe de r\u00e9flexion P\u00e9rim\u00e8tres<\/span><\/strong><\/h4>\n<p><span style=\"color: #000000;\">Compte rendu de la <a href=\"http:\/\/cluq-grenoble.org\/WordPress\/wp-content\/uploads\/2017\/07\/CLUQLAHGGLO-compte-rendu-B.pdf\" target=\"_blank\">r\u00e9union du 10 mai 2017<\/a><\/span><\/p>\n","protected":false},"excerpt":{"rendered":"<p>Groupe de r\u00e9flexion P\u00e9rim\u00e8tres Compte rendu de la r\u00e9union du<span class=\"more-link\"><a href=\"https:\/\/cluq-grenoble.org\/WordPress\/groupes-de-travail-cluq\/com-mutations-urbaines\/gt-perimetre\/\">Lire la suite<\/a><\/span><\/p>\n","protected":false},"author":1,"featured_media":0,"parent":2625,"menu_order":5,"comment_status":"closed","ping_status":"open","template":"","meta":[],"_links":{"self":[{"href":"https:\/\/cluq-grenoble.org\/WordPress\/wp-json\/wp\/v2\/pages\/3515"}],"collection":[{"href":"https:\/\/cluq-grenoble.org\/WordPress\/wp-json\/wp\/v2\/pages"}],"about":[{"href":"https:\/\/cluq-grenoble.org\/WordPress\/wp-json\/wp\/v2\/types\/page"}],"author":[{"embeddable":true,"href":"https:\/\/cluq-grenoble.org\/WordPress\/wp-json\/wp\/v2\/users\/1"}],"replies":[{"embeddable":true,"href":"https:\/\/cluq-grenoble.org\/WordPress\/wp-json\/wp\/v2\/comments?post=3515"}],"version-history":[{"count":3,"href":"https:\/\/cluq-grenoble.org\/WordPress\/wp-json\/wp\/v2\/pages\/3515\/revisions"}],"predecessor-version":[{"id":3519,"href":"https:\/\/cluq-grenoble.org\/WordPress\/wp-json\/wp\/v2\/pages\/3515\/revisions\/3519"}],"up":[{"embeddable":true,"href":"https:\/\/cluq-grenoble.org\/WordPress\/wp-json\/wp\/v2\/pages\/2625"}],"wp:attachment":[{"href":"https:\/\/cluq-grenoble.org\/WordPress\/wp-json\/wp\/v2\/media?parent=3515"}],"curies":[{"name":"wp","href":"https:\/\/api.w.org\/{rel}","templated":true}]}}