{"id":5065,"date":"2020-11-28T01:40:22","date_gmt":"2020-11-28T00:40:22","guid":{"rendered":"http:\/\/cluq-grenoble.org\/WordPress\/?page_id=5065"},"modified":"2021-02-24T23:22:52","modified_gmt":"2021-02-24T22:22:52","slug":"nos-demarches","status":"publish","type":"page","link":"https:\/\/cluq-grenoble.org\/WordPress\/presentation\/nos-demarches\/","title":{"rendered":"Nos D\u00e9marches \/ Nos Actions"},"content":{"rendered":"\n<p>Vous retrouverez ici la compilation des d\u00e9marches et actions entreprises par le CLUQ et les r\u00e9ponses obtenues organis\u00e9es par th\u00e9matiques :<\/p>\n\n\n<ul class=\"wp-block-latest-posts__list wp-block-latest-posts\"><li><a href=\"https:\/\/cluq-grenoble.org\/WordPress\/2024\/05\/assemblee-generale-de-lunion-des-habitants-du-quartier-exposition-bajatiere\/\">Assembl\u00e9e G\u00e9n\u00e9rale de l&#8217;Union des Habitants du Quartier Exposition Bajati\u00e8re<\/a><div class=\"wp-block-latest-posts__post-full-content\"><!-- wp:image {\"id\":9135,\"width\":369,\"height\":512,\"sizeSlug\":\"large\",\"linkDestination\":\"media\"} -->\n<figure class=\"wp-block-image size-large is-resized\"><a href=\"https:\/\/cluq-grenoble.org\/WordPress\/wp-content\/uploads\/2024\/05\/AG-expo-bajatiere-2024.jpg\"><img loading=\"lazy\" src=\"https:\/\/cluq-grenoble.org\/WordPress\/wp-content\/uploads\/2024\/05\/AG-expo-bajatiere-2024-738x1024.jpg\" alt=\"\" class=\"wp-image-9135\" width=\"369\" height=\"512\" srcset=\"https:\/\/cluq-grenoble.org\/WordPress\/wp-content\/uploads\/2024\/05\/AG-expo-bajatiere-2024-738x1024.jpg 738w, https:\/\/cluq-grenoble.org\/WordPress\/wp-content\/uploads\/2024\/05\/AG-expo-bajatiere-2024-216x300.jpg 216w, https:\/\/cluq-grenoble.org\/WordPress\/wp-content\/uploads\/2024\/05\/AG-expo-bajatiere-2024-768x1066.jpg 768w, https:\/\/cluq-grenoble.org\/WordPress\/wp-content\/uploads\/2024\/05\/AG-expo-bajatiere-2024-1106x1536.jpg 1106w, https:\/\/cluq-grenoble.org\/WordPress\/wp-content\/uploads\/2024\/05\/AG-expo-bajatiere-2024-396x550.jpg 396w, https:\/\/cluq-grenoble.org\/WordPress\/wp-content\/uploads\/2024\/05\/AG-expo-bajatiere-2024-360x500.jpg 360w, https:\/\/cluq-grenoble.org\/WordPress\/wp-content\/uploads\/2024\/05\/AG-expo-bajatiere-2024.jpg 1475w\" sizes=\"(max-width: 369px) 100vw, 369px\" \/><\/a><\/figure>\n<!-- \/wp:image --><\/div><\/li>\n<\/ul>","protected":false},"excerpt":{"rendered":"<p>Vous retrouverez ici la compilation des d\u00e9marches et actions entreprises<span class=\"more-link\"><a href=\"https:\/\/cluq-grenoble.org\/WordPress\/presentation\/nos-demarches\/\">Lire la suite<\/a><\/span><\/p>\n","protected":false},"author":1,"featured_media":0,"parent":39,"menu_order":0,"comment_status":"closed","ping_status":"closed","template":"","meta":[],"_links":{"self":[{"href":"https:\/\/cluq-grenoble.org\/WordPress\/wp-json\/wp\/v2\/pages\/5065"}],"collection":[{"href":"https:\/\/cluq-grenoble.org\/WordPress\/wp-json\/wp\/v2\/pages"}],"about":[{"href":"https:\/\/cluq-grenoble.org\/WordPress\/wp-json\/wp\/v2\/types\/page"}],"author":[{"embeddable":true,"href":"https:\/\/cluq-grenoble.org\/WordPress\/wp-json\/wp\/v2\/users\/1"}],"replies":[{"embeddable":true,"href":"https:\/\/cluq-grenoble.org\/WordPress\/wp-json\/wp\/v2\/comments?post=5065"}],"version-history":[{"count":10,"href":"https:\/\/cluq-grenoble.org\/WordPress\/wp-json\/wp\/v2\/pages\/5065\/revisions"}],"predecessor-version":[{"id":6749,"href":"https:\/\/cluq-grenoble.org\/WordPress\/wp-json\/wp\/v2\/pages\/5065\/revisions\/6749"}],"up":[{"embeddable":true,"href":"https:\/\/cluq-grenoble.org\/WordPress\/wp-json\/wp\/v2\/pages\/39"}],"wp:attachment":[{"href":"https:\/\/cluq-grenoble.org\/WordPress\/wp-json\/wp\/v2\/media?parent=5065"}],"curies":[{"name":"wp","href":"https:\/\/api.w.org\/{rel}","templated":true}]}}