{"id":7074,"date":"2021-03-16T13:48:37","date_gmt":"2021-03-16T12:48:37","guid":{"rendered":"https:\/\/cluq-grenoble.org\/WordPress\/?page_id=7074"},"modified":"2021-03-16T13:50:07","modified_gmt":"2021-03-16T12:50:07","slug":"aide-pour-le-site","status":"publish","type":"page","link":"https:\/\/cluq-grenoble.org\/WordPress\/aide-pour-le-site\/","title":{"rendered":"Aide pour le site"},"content":{"rendered":"\n<p>personnaliser le site avec le pinceau pour mettre \u00e0 jour les widgets,  exemple avec le Footer D qui contient le Tutoriel page de Quartier :<\/p>\n\n\n\n<p>&#8211; t\u00e9l\u00e9charger le document dans la biblioth\u00e8que\u00a0(m\u00e9diath\u00e8que) du site internet, copier ensuite le l&#8217;adresse du lien direct vers le document<br>&#8211; cliquer sur le pinceau pour personnaliser le site- cliquer sur widget<br>&#8211; s\u00e9lectionner Footer D<br>&#8211; s\u00e9lectionner le quatri\u00e8me HK>Annonce<br>&#8211; mettre \u00e0 jour le lien vers la nouvelle version du document,<\/p>\n\n\n\n<p>Publi\u00e9 gr\u00e2ce au bouton bleu en haut et c&#8217;est en ligne !<\/p>\n","protected":false},"excerpt":{"rendered":"<p>personnaliser le site avec le pinceau pour mettre \u00e0 jour<span class=\"more-link\"><a href=\"https:\/\/cluq-grenoble.org\/WordPress\/aide-pour-le-site\/\">Lire la suite<\/a><\/span><\/p>\n","protected":false},"author":1,"featured_media":0,"parent":0,"menu_order":0,"comment_status":"closed","ping_status":"closed","template":"","meta":[],"_links":{"self":[{"href":"https:\/\/cluq-grenoble.org\/WordPress\/wp-json\/wp\/v2\/pages\/7074"}],"collection":[{"href":"https:\/\/cluq-grenoble.org\/WordPress\/wp-json\/wp\/v2\/pages"}],"about":[{"href":"https:\/\/cluq-grenoble.org\/WordPress\/wp-json\/wp\/v2\/types\/page"}],"author":[{"embeddable":true,"href":"https:\/\/cluq-grenoble.org\/WordPress\/wp-json\/wp\/v2\/users\/1"}],"replies":[{"embeddable":true,"href":"https:\/\/cluq-grenoble.org\/WordPress\/wp-json\/wp\/v2\/comments?post=7074"}],"version-history":[{"count":3,"href":"https:\/\/cluq-grenoble.org\/WordPress\/wp-json\/wp\/v2\/pages\/7074\/revisions"}],"predecessor-version":[{"id":7077,"href":"https:\/\/cluq-grenoble.org\/WordPress\/wp-json\/wp\/v2\/pages\/7074\/revisions\/7077"}],"wp:attachment":[{"href":"https:\/\/cluq-grenoble.org\/WordPress\/wp-json\/wp\/v2\/media?parent=7074"}],"curies":[{"name":"wp","href":"https:\/\/api.w.org\/{rel}","templated":true}]}}